{"id":1501,"date":"2016-03-03T22:56:31","date_gmt":"2016-03-03T21:56:31","guid":{"rendered":"http:\/\/berndkwasnik.de\/wordpress\/?page_id=1501"},"modified":"2025-05-05T15:40:34","modified_gmt":"2025-05-05T13:40:34","slug":"datenschutzerklaerung","status":"publish","type":"page","link":"https:\/\/berndkwasnik.de\/wordpress\/datenschutzerklaerung\/","title":{"rendered":"Datenschutzerkl\u00e4rung"},"content":{"rendered":"<p class=\"Normal tm5\"><strong><span class=\"tm6\">1. Einleitung<\/span><\/strong><br \/>\nVielen Dank f\u00fcr Ihr Interesse an meiner Webseite. Der Schutz Ihrer personenbezogenen Daten liegt mir sehr am Herzen.<br \/>\nDiese Datenschutzerkl\u00e4rung informiert Sie umfassend \u00fcber Art, Umfang und Zweck der Erhebung, Verarbeitung und Nutzung Ihrer Daten \u2013 auch im Zusammenhang mit dem Kontaktformular auf dieser Webseite.<br \/>\nAbgesehen von Google reCAPTCHA, das im Kontaktformular eingesetzt wird, erhebe ich keinerlei personenbezogene Daten und setze keine Cookies.<\/p>\n<p class=\"Normal tm5\"><strong><span class=\"tm6\">2. Verantwortlicher<\/span><\/strong><br \/>\nVerantwortlich f\u00fcr die Datenverarbeitung auf dieser Webseite ist:<br \/>\nBernd Kwasnik, R\u00f6sekenwinkel 22, 38110 Braunschweig<br \/>\nmail<img loading=\"lazy\" decoding=\"async\" class=\"alignnone size-full wp-image-110429\" src=\"https:\/\/berndkwasnik.de\/wordpress\/wp-content\/uploads\/2025\/04\/3E0FA78C-41EC-4ED5-8F9D-9E4030011695.png\" alt=\"\" width=\"15\" height=\"15\" \/>berndkwasnik.de<\/p>\n<p class=\"Normal tm5\"><strong><span class=\"tm6\">3. Datenerhebung und -verarbeitung<\/span><\/strong><\/p>\n<ul class=\"Normal tm5 tm7\">\n<li class=\"tm8\"><strong><span class=\"tm6\">Keine automatische Datenerfassung:<\/span><\/strong><br \/>\nDie Nutzung dieser Webseite erfolgt in der Regel ohne Angabe personenbezogener Daten. Es werden keine Cookies oder anderweitige Tracking-Mechanismen eingesetzt, die Ihrem Endger\u00e4t personenbezogene Informationen zuordnen.<\/li>\n<li class=\"Normal tm5 tm8\"><strong><span class=\"tm6\">Kontaktformular:<\/span><\/strong><br \/>\nNutzen Sie das Kontaktformular, erfolgt die \u00dcbermittlung personenbezogener Daten (wie etwa Name und E-Mail-Adresse) ausschlie\u00dflich auf freiwilliger Basis. Diese Daten werden <strong><span class=\"tm6\">ausschlie\u00dflich<\/span><\/strong> zur Bearbeitung Ihrer Anfrage genutzt und nach erfolgter Bearbeitung gel\u00f6scht \u2013 eine Weitergabe an Dritte findet grunds\u00e4tzlich nicht statt.<\/li>\n<\/ul>\n<p><strong><span class=\"tm6\">4. Einsatz von Google reCAPTCHA<br \/>\n<\/span><\/strong>Zum Schutz vor Spam und Missbrauch ist im Kontaktformular Google reCAPTCHA integriert.<\/p>\n<ul class=\"Normal tm5 tm7\">\n<li class=\"tm8\"><strong><span class=\"tm6\">Funktionsweise und Datenverarbeitung:<\/span><\/strong><br \/>\nBei der Nutzung des Kontaktformulars aktiviert sich Google reCAPTCHA. Dabei werden technische Daten (z.\u202fB. Ihre IP-Adresse und Informationen \u00fcber Ihr Nutzerverhalten) an Google \u00fcbermittelt und dort verarbeitet, um sicherzustellen, dass die Eingabe durch einen Menschen erfolgt.<br \/>\nDie Nutzung von Google reCAPTCHA erfolgt auf Grundlage von Art. 6 Abs. 1 lit. f DSGVO.<br \/>\nMein berechtigtes Interesse liegt in der Sicherung der Webseite vor Spam und automatisiertem Missbrauch.<\/li>\n<li class=\"Normal tm5 tm8\"><strong><span class=\"tm6\">Weitere Informationen:<\/span><\/strong> Die Datenschutzhinweise von Google finden Sie unter: <a href=\"https:\/\/policies.google.com\/privacy\" target=\"_blank\" rel=\"noopener\">Google Datenschutzerkl\u00e4rung<\/a>.<\/li>\n<\/ul>\n<p><strong><span class=\"tm6\">5. Speicherung und L\u00f6schung von Daten<\/span><\/strong><br \/>\nDaten, die Sie im Rahmen der Nutzung des Kontaktformulars freiwillig \u00fcbermitteln, werden ausschlie\u00dflich zur Bearbeitung Ihrer Anfrage gespeichert. Nach abschlie\u00dfender Bearbeitung bzw. sobald der Zweck der Speicherung entf\u00e4llt, werden Ihre Daten umgehend gel\u00f6scht, sofern keine gesetzlichen Aufbewahrungspflichten entgegenstehen.<\/p>\n<p class=\"Normal tm5\"><strong><span class=\"tm6\">6. Ihre Rechte als betroffene Person<\/span><\/strong><br \/>\nSie haben grunds\u00e4tzlich folgende Rechte in Bezug auf Ihre bei mir gespeicherten personenbezogenen Daten:<\/p>\n<ul class=\"Normal tm5 tm7\">\n<li class=\"tm8\"><strong><span class=\"tm6\">Auskunftsrecht:<\/span><\/strong> Sie k\u00f6nnen jederzeit eine ausf\u00fchrliche Auskunft dar\u00fcber verlangen, welche Daten \u00fcber Sie gespeichert sind.<\/li>\n<li class=\"Normal tm5 tm8\"><strong><span class=\"tm6\">Berichtigungsrecht:<\/span><\/strong> Sollten Ihre Daten unrichtig oder unvollst\u00e4ndig sein, haben Sie das Recht, deren Berichtigung zu verlangen.<\/li>\n<li class=\"Normal tm5 tm8\"><strong><span class=\"tm6\">L\u00f6schungsrecht:<\/span><\/strong> Sie k\u00f6nnen unter den Voraussetzungen der DSGVO die L\u00f6schung Ihrer Daten verlangen.<\/li>\n<li class=\"Normal tm5 tm8\"><strong><span class=\"tm6\">Einschr\u00e4nkungsrecht:<\/span><\/strong> Es steht Ihnen zu, die Einschr\u00e4nkung der Verarbeitung Ihrer personenbezogenen Daten zu fordern.<\/li>\n<li class=\"Normal tm5 tm8\"><strong><span class=\"tm6\">Recht auf Daten\u00fcbertragbarkeit:<\/span><\/strong> Sie haben das Recht, die Herausgabe Ihrer personenbezogenen Daten in einem g\u00e4ngigen, maschinenlesbaren Format zu verlangen.<\/li>\n<li class=\"Normal tm5 tm8\"><strong><span class=\"tm6\">Widerspruchsrecht:<\/span><\/strong> Sie k\u00f6nnen jederzeit der Verarbeitung Ihrer personenbezogenen Daten widersprechen.<\/li>\n<\/ul>\n<p>Bei Fragen zum Datenschutz oder zur Aus\u00fcbung Ihrer Rechte wenden Sie sich bitte an die oben genannten Kontaktdaten.<\/p>\n<p class=\"Normal tm5\"><strong><span class=\"tm6\">7. \u00c4nderungen dieser Datenschutzerkl\u00e4rung<br \/>\n<\/span><\/strong>Ich behalte mir vor, diese Datenschutzerkl\u00e4rung zu aktualisieren, um sie an ge\u00e4nderte gesetzliche Rahmenbedingungen oder bei \u00c4nderungen der Dienstleistungen anzupassen. Die jeweils aktuelle Version ist auf der Webseite verf\u00fcgbar.<\/p>\n<p class=\"Normal tm5\"><strong><span class=\"tm6\">Stand:<\/span><\/strong> 29.04.2025<\/p>\n","protected":false},"excerpt":{"rendered":"<p>1. Einleitung Vielen Dank f\u00fcr Ihr Interesse an meiner Webseite. Der Schutz Ihrer personenbezogenen Daten liegt mir sehr am Herzen. Diese Datenschutzerkl\u00e4rung informiert Sie umfassend \u00fcber Art, Umfang und Zweck der Erhebung, Verarbeitung und Nutzung Ihrer Daten \u2013 auch im Zusammenhang mit dem Kontaktformular auf dieser Webseite. Abgesehen von Google&#8230;<\/p>\n","protected":false},"author":1,"featured_media":0,"parent":0,"menu_order":0,"comment_status":"closed","ping_status":"closed","template":"","meta":{"footnotes":""},"class_list":["post-1501","page","type-page","status-publish","hentry"],"aioseo_notices":[],"_links":{"self":[{"href":"https:\/\/berndkwasnik.de\/wordpress\/wp-json\/wp\/v2\/pages\/1501","targetHints":{"allow":["GET"]}}],"collection":[{"href":"https:\/\/berndkwasnik.de\/wordpress\/wp-json\/wp\/v2\/pages"}],"about":[{"href":"https:\/\/berndkwasnik.de\/wordpress\/wp-json\/wp\/v2\/types\/page"}],"author":[{"embeddable":true,"href":"https:\/\/berndkwasnik.de\/wordpress\/wp-json\/wp\/v2\/users\/1"}],"replies":[{"embeddable":true,"href":"https:\/\/berndkwasnik.de\/wordpress\/wp-json\/wp\/v2\/comments?post=1501"}],"version-history":[{"count":16,"href":"https:\/\/berndkwasnik.de\/wordpress\/wp-json\/wp\/v2\/pages\/1501\/revisions"}],"predecessor-version":[{"id":111753,"href":"https:\/\/berndkwasnik.de\/wordpress\/wp-json\/wp\/v2\/pages\/1501\/revisions\/111753"}],"wp:attachment":[{"href":"https:\/\/berndkwasnik.de\/wordpress\/wp-json\/wp\/v2\/media?parent=1501"}],"curies":[{"name":"wp","href":"https:\/\/api.w.org\/{rel}","templated":true}]}}